{"id":438,"date":"2023-01-12T22:52:56","date_gmt":"2023-01-12T22:52:56","guid":{"rendered":"https:\/\/owlsynthesis.com\/?page_id=438"},"modified":"2023-01-29T05:31:31","modified_gmt":"2023-01-29T05:31:31","slug":"usluge","status":"publish","type":"page","link":"https:\/\/owlsynthesis.com\/index.php\/usluge\/","title":{"rendered":"Usluge"},"content":{"rendered":"<p>[et_pb_section fb_built=&#8221;1&#8243; admin_label=&#8221;Header&#8221; _builder_version=&#8221;4.16&#8243; _module_preset=&#8221;default&#8221; background_color=&#8221;#92a5ab&#8221; background_image=&#8221;https:\/\/owlsynthesis.com\/wp-content\/uploads\/2023\/01\/estate-planning-77.png&#8221; background_position=&#8221;top_right&#8221; locked=&#8221;off&#8221; global_colors_info=&#8221;{}&#8221;][et_pb_row _builder_version=&#8221;4.19.5&#8243; _module_preset=&#8221;default&#8221; link_option_url=&#8221;http:\/\/hello@owlsynthesis.com&#8221; global_colors_info=&#8221;{}&#8221;][et_pb_column type=&#8221;4_4&#8243; _builder_version=&#8221;4.19.4&#8243; _module_preset=&#8221;default&#8221; global_colors_info=&#8221;{}&#8221;][et_pb_slider _builder_version=&#8221;4.19.5&#8243; _module_preset=&#8221;default&#8221; header_font=&#8221;Teko|600|||||||&#8221; header_font_size=&#8221;54px&#8221; body_font=&#8221;Roboto Mono||||||||&#8221; body_font_size=&#8221;23px&#8221; header_font_size_tablet=&#8221;54px&#8221; header_font_size_phone=&#8221;54px&#8221; header_font_size_last_edited=&#8221;on|desktop&#8221; global_colors_info=&#8221;{}&#8221;][et_pb_slide heading=&#8221;Grafi\u010dki dizajn&#8221; button_text=&#8221;Kontakt&#8221; button_link=&#8221;https:\/\/owlsynthesis.com\/index.php\/kontakt\/&#8221; heading_tablet=&#8221;Grafi\u010dki dizajn&#8221; heading_phone=&#8221;Grafi\u010dki dizajn&#8221; heading_last_edited=&#8221;on|phone&#8221; button_text_tablet=&#8221;Kontakt&#8221; button_text_phone=&#8221;Kontakt&#8221; button_text_last_edited=&#8221;on|desktop&#8221; _builder_version=&#8221;4.19.5&#8243; _module_preset=&#8221;default&#8221; header_font=&#8221;Teko|600|||||||&#8221; header_text_align=&#8221;center&#8221; header_font_size=&#8221;52px&#8221; header_letter_spacing=&#8221;3px&#8221; body_font_size=&#8221;15px&#8221; body_line_height=&#8221;1.4em&#8221; background_color=&#8221;RGBA(255,255,255,0)&#8221; background_enable_color=&#8221;on&#8221; background_image=&#8221;https:\/\/owlsynthesis.com\/wp-content\/uploads\/2023\/01\/graficki-dizajn.jpg&#8221; background_enable_image=&#8221;on&#8221; custom_button=&#8221;on&#8221; button_text_size=&#8221;20px&#8221; button_text_color=&#8221;#FFFFFF&#8221; button_bg_color=&#8221;gcid-79def3cd-ef2c-433b-92d7-1236381cb653&#8243; button_border_width=&#8221;0px&#8221; button_border_color=&#8221;RGBA(255,255,255,0)&#8221; button_border_radius=&#8221;0px&#8221; button_font=&#8221;Roboto Mono|300|||||||&#8221; button_use_icon=&#8221;on&#8221; button_icon=&#8221;&#x45;||divi||400&#8243; button_on_hover=&#8221;off&#8221; button_alignment=&#8221;center&#8221; button_custom_margin=&#8221;51px||||false|false&#8221; button_custom_margin_tablet=&#8221;51px||||false|false&#8221; button_custom_margin_phone=&#8221;16px|0px||0px|false|false&#8221; button_custom_margin_last_edited=&#8221;on|phone&#8221; button_custom_padding=&#8221;0px|31px|0px|10px|false|false&#8221; button_custom_padding_tablet=&#8221;0px|31px|0px|10px|false|false&#8221; button_custom_padding_phone=&#8221;|18px|||false|false&#8221; button_custom_padding_last_edited=&#8221;on|desktop&#8221; text_orientation=&#8221;center&#8221; width_tablet=&#8221;&#8221; width_phone=&#8221;100%&#8221; width_last_edited=&#8221;on|phone&#8221; max_width=&#8221;100%&#8221; custom_padding=&#8221;89px||134px|602px|false|false&#8221; custom_padding_tablet=&#8221;89px||134px|602px|false|false&#8221; custom_padding_phone=&#8221;0px||0px|93px|false|false&#8221; custom_padding_last_edited=&#8221;on|phone&#8221; hover_enabled=&#8221;0&#8243; header_text_color_tablet=&#8221;&#8221; header_text_color_phone=&#8221;&#8221; header_text_color_last_edited=&#8221;on|phone&#8221; header_font_size_tablet=&#8221;52px&#8221; header_font_size_phone=&#8221;18px&#8221; header_font_size_last_edited=&#8221;on|phone&#8221; body_font_tablet=&#8221;&#8221; body_font_phone=&#8221;&#8221; body_font_last_edited=&#8221;on|phone&#8221; body_font_size_tablet=&#8221;15px&#8221; body_font_size_phone=&#8221;10px&#8221; body_font_size_last_edited=&#8221;on|phone&#8221; background_last_edited=&#8221;on|phone&#8221; background_image_phone=&#8221;https:\/\/owlsynthesis.com\/wp-content\/uploads\/2023\/01\/graficki-dizajn-mob.jpg&#8221; background_enable_image_phone=&#8221;on&#8221; button_text_size_tablet=&#8221;20px&#8221; button_text_size_phone=&#8221;10px&#8221; button_text_size_last_edited=&#8221;on|phone&#8221; button_bg_color_tablet=&#8221;gcid-79def3cd-ef2c-433b-92d7-1236381cb653&#8243; button_bg_color_phone=&#8221;gcid-79def3cd-ef2c-433b-92d7-1236381cb653&#8243; button_bg_color_last_edited=&#8221;on|desktop&#8221; button_border_radius_tablet=&#8221;0px&#8221; button_border_radius_phone=&#8221;0px&#8221; button_border_radius_last_edited=&#8221;on|desktop&#8221; button_icon_tablet=&#8221;E||divi||400&#8243; button_icon_phone=&#8221;E||divi||400&#8243; button_icon_last_edited=&#8221;on|desktop&#8221; global_colors_info=&#8221;{%22gcid-79def3cd-ef2c-433b-92d7-1236381cb653%22:%91%22button_bg_color%22%93}&#8221; sticky_transition=&#8221;on&#8221; sticky_enabled=&#8221;0&#8243;]<\/p>\n<p>Izra\u0111ujemo sve vrste<br \/>\u0161tampanih materijala &#8211; \u010dasopise, plakate, bro\u0161ure, kataloge, vizit karte i ostalo.<\/p>\n<p>[\/et_pb_slide][et_pb_slide heading=&#8221;Web dizajn&#8221; button_text=&#8221;Kontakt&#8221; button_link=&#8221;https:\/\/owlsynthesis.com\/index.php\/kontakt\/&#8221; heading_tablet=&#8221;Web dizajn&#8221; heading_phone=&#8221;Web dizajn&#8221; heading_last_edited=&#8221;on|desktop&#8221; _builder_version=&#8221;4.19.5&#8243; _module_preset=&#8221;default&#8221; header_font=&#8221;Teko|600|||||||&#8221; header_text_align=&#8221;center&#8221; header_font_size=&#8221;52px&#8221; header_letter_spacing=&#8221;3px&#8221; body_font_size=&#8221;15px&#8221; body_line_height=&#8221;1.4em&#8221; background_color=&#8221;RGBA(255,255,255,0)&#8221; background_enable_color=&#8221;on&#8221; background_image=&#8221;https:\/\/owlsynthesis.com\/wp-content\/uploads\/2023\/01\/web-dizajn.jpg&#8221; background_enable_image=&#8221;on&#8221; custom_button=&#8221;on&#8221; button_text_size=&#8221;20px&#8221; button_text_color=&#8221;#FFFFFF&#8221; button_bg_color=&#8221;gcid-79def3cd-ef2c-433b-92d7-1236381cb653&#8243; button_border_width=&#8221;0px&#8221; button_border_color=&#8221;RGBA(255,255,255,0)&#8221; button_border_radius=&#8221;0px&#8221; button_font=&#8221;Roboto Mono|300|||||||&#8221; button_use_icon=&#8221;on&#8221; button_icon=&#8221;&#x45;||divi||400&#8243; button_on_hover=&#8221;off&#8221; button_alignment=&#8221;center&#8221; button_custom_margin=&#8221;51px||||false|false&#8221; button_custom_margin_tablet=&#8221;51px||||false|false&#8221; button_custom_margin_phone=&#8221;16px|0px||0px|false|false&#8221; button_custom_margin_last_edited=&#8221;on|phone&#8221; button_custom_padding=&#8221;0px|31px|0px|10px|false|false&#8221; button_custom_padding_tablet=&#8221;0px|31px|0px|10px|false|false&#8221; button_custom_padding_phone=&#8221;|18px|||false|false&#8221; button_custom_padding_last_edited=&#8221;on|desktop&#8221; text_orientation=&#8221;center&#8221; background_layout=&#8221;light&#8221; custom_padding=&#8221;89px|676px|134px|0px|false|false&#8221; custom_padding_tablet=&#8221;89px|676px|134px|0px|false|false&#8221; custom_padding_phone=&#8221;25px|128px|50px|0px|false|false&#8221; custom_padding_last_edited=&#8221;on|phone&#8221; header_font_size_tablet=&#8221;52px&#8221; header_font_size_phone=&#8221;18px&#8221; header_font_size_last_edited=&#8221;on|phone&#8221; body_font_size_tablet=&#8221;15px&#8221; body_font_size_phone=&#8221;10px&#8221; body_font_size_last_edited=&#8221;on|phone&#8221; background_last_edited=&#8221;on|phone&#8221; background_image_phone=&#8221;https:\/\/owlsynthesis.com\/wp-content\/uploads\/2023\/01\/web-dizajn-mob.jpg&#8221; background_enable_image_phone=&#8221;on&#8221; button_text_size_tablet=&#8221;20px&#8221; button_text_size_phone=&#8221;10px&#8221; button_text_size_last_edited=&#8221;on|phone&#8221; button_bg_color_tablet=&#8221;gcid-79def3cd-ef2c-433b-92d7-1236381cb653&#8243; button_bg_color_phone=&#8221;gcid-79def3cd-ef2c-433b-92d7-1236381cb653&#8243; button_bg_color_last_edited=&#8221;on|desktop&#8221; button_border_radius_tablet=&#8221;0px&#8221; button_border_radius_phone=&#8221;0px&#8221; button_border_radius_last_edited=&#8221;on|desktop&#8221; button_icon_tablet=&#8221;E||divi||400&#8243; button_icon_phone=&#8221;E||divi||400&#8243; button_icon_last_edited=&#8221;on|desktop&#8221; global_colors_info=&#8221;{%22gcid-79def3cd-ef2c-433b-92d7-1236381cb653%22:%91%22button_bg_color%22,%22button_bg_color%22,%22button_bg_color%22,%22button_bg_color%22,%22button_bg_color%22%93}&#8221; sticky_transition=&#8221;on&#8221;]<\/p>\n<p><span>Ako \u017eelite da budete prime\u0107eni, onda je veb sajt pravo mesto za tako ne\u0161to. Kontaktirajte nas, a mi \u0107emo u\u010diniti sve da budete zadovoljni.<\/span><\/p>\n<p>[\/et_pb_slide][et_pb_slide heading=&#8221;Digitalni marketing&#8221; button_text=&#8221;Kontakt&#8221; button_link=&#8221;https:\/\/owlsynthesis.com\/index.php\/kontakt\/&#8221; dot_nav_custom_color=&#8221;#FFFFFF&#8221; _builder_version=&#8221;4.19.5&#8243; _module_preset=&#8221;default&#8221; header_font=&#8221;Teko|600|||||||&#8221; header_text_align=&#8221;center&#8221; header_font_size=&#8221;52px&#8221; header_letter_spacing=&#8221;3px&#8221; body_font_size=&#8221;15px&#8221; body_line_height=&#8221;1.4em&#8221; background_color=&#8221;RGBA(255,255,255,0)&#8221; background_enable_color=&#8221;on&#8221; background_image=&#8221;https:\/\/owlsynthesis.com\/wp-content\/uploads\/2023\/01\/digitalni-marketing-1-1.jpg&#8221; background_enable_image=&#8221;on&#8221; custom_button=&#8221;on&#8221; button_text_size=&#8221;20px&#8221; button_text_color=&#8221;#FFFFFF&#8221; button_bg_color=&#8221;gcid-79def3cd-ef2c-433b-92d7-1236381cb653&#8243; button_border_width=&#8221;0px&#8221; button_border_color=&#8221;RGBA(255,255,255,0)&#8221; button_border_radius=&#8221;0px&#8221; button_font=&#8221;Roboto Mono|300|||||||&#8221; button_use_icon=&#8221;on&#8221; button_icon=&#8221;&#x45;||divi||400&#8243; button_on_hover=&#8221;off&#8221; button_alignment=&#8221;center&#8221; button_custom_margin=&#8221;51px||||false|false&#8221; button_custom_margin_tablet=&#8221;51px||||false|false&#8221; button_custom_margin_phone=&#8221;16px|0px||0px|false|false&#8221; button_custom_margin_last_edited=&#8221;on|phone&#8221; button_custom_padding=&#8221;0px|31px|0px|10px|false|false&#8221; button_custom_padding_tablet=&#8221;0px|31px|0px|10px|false|false&#8221; button_custom_padding_phone=&#8221;|18px|||false|false&#8221; button_custom_padding_last_edited=&#8221;on|desktop&#8221; text_orientation=&#8221;center&#8221; background_layout=&#8221;light&#8221; custom_padding=&#8221;87px|637px|134px|0px|false|false&#8221; custom_padding_tablet=&#8221;89px|676px|134px|0px|false|false&#8221; custom_padding_phone=&#8221;0px|111px|0px||false|false&#8221; custom_padding_last_edited=&#8221;on|phone&#8221; header_font_size_tablet=&#8221;52px&#8221; header_font_size_phone=&#8221;18px&#8221; header_font_size_last_edited=&#8221;on|phone&#8221; body_font_size_tablet=&#8221;15px&#8221; body_font_size_phone=&#8221;10px&#8221; body_font_size_last_edited=&#8221;on|phone&#8221; background_last_edited=&#8221;on|phone&#8221; background_image_phone=&#8221;https:\/\/owlsynthesis.com\/wp-content\/uploads\/2023\/01\/digitalni-marketing-mob-1.jpg&#8221; background_enable_image_phone=&#8221;on&#8221; button_text_size_tablet=&#8221;20px&#8221; button_text_size_phone=&#8221;10px&#8221; button_text_size_last_edited=&#8221;on|phone&#8221; button_bg_color_tablet=&#8221;gcid-79def3cd-ef2c-433b-92d7-1236381cb653&#8243; button_bg_color_phone=&#8221;gcid-79def3cd-ef2c-433b-92d7-1236381cb653&#8243; button_bg_color_last_edited=&#8221;on|desktop&#8221; button_border_radius_tablet=&#8221;0px&#8221; button_border_radius_phone=&#8221;0px&#8221; button_border_radius_last_edited=&#8221;on|desktop&#8221; button_icon_tablet=&#8221;E||divi||400&#8243; button_icon_phone=&#8221;E||divi||400&#8243; button_icon_last_edited=&#8221;on|desktop&#8221; global_colors_info=&#8221;{%22gcid-79def3cd-ef2c-433b-92d7-1236381cb653%22:%91%22button_bg_color%22,%22button_bg_color%22,%22button_bg_color%22,%22button_bg_color%22,%22button_bg_color%22,%22button_bg_color%22,%22button_bg_color%22,%22button_bg_color%22,%22button_bg_color%22%93}&#8221; sticky_transition=&#8221;on&#8221;]<\/p>\n<p><span>Sve vrste Facebook i Instagram kampanja, koje \u0107e popularno \u2018boostovanje\u2019 staviti u slu\u017ebu ja\u010danja va\u0161eg brenda, pla\u0107ene \u2018Google Ads\u2019 kampanje kao i SEO optimizacija.<\/span><\/p>\n<p>[\/et_pb_slide][\/et_pb_slider][\/et_pb_column][\/et_pb_row][\/et_pb_section][et_pb_section fb_built=&#8221;1&#8243; admin_label=&#8221;Blog&#8221; _builder_version=&#8221;4.16&#8243; _module_preset=&#8221;default&#8221; global_colors_info=&#8221;{}&#8221;][et_pb_row _builder_version=&#8221;4.19.4&#8243; _module_preset=&#8221;default&#8221; module_alignment=&#8221;center&#8221; module_alignment_tablet=&#8221;center&#8221; module_alignment_phone=&#8221;center&#8221; module_alignment_last_edited=&#8221;on|desktop&#8221; global_colors_info=&#8221;{}&#8221;][et_pb_column type=&#8221;4_4&#8243; _builder_version=&#8221;4.16&#8243; _module_preset=&#8221;default&#8221; global_colors_info=&#8221;{}&#8221;][et_pb_image src=&#8221;https:\/\/owlsynthesis.com\/wp-content\/uploads\/2023\/01\/ideja-01.png&#8221; title_text=&#8221;ideja 01&#8243; align=&#8221;right&#8221; _builder_version=&#8221;4.19.4&#8243; _module_preset=&#8221;default&#8221; transform_scale=&#8221;49%|49%&#8221; transform_scale_tablet=&#8221;49%|49%&#8221; transform_scale_phone=&#8221;14%|14%&#8221; transform_scale_last_edited=&#8221;on|phone&#8221; transform_translate_tablet=&#8221;&#8221; transform_translate_phone=&#8221;&#8221; transform_translate_last_edited=&#8221;on|phone&#8221; transform_rotate_tablet=&#8221;&#8221; transform_rotate_phone=&#8221;&#8221; transform_rotate_last_edited=&#8221;on|phone&#8221; transform_skew_tablet=&#8221;&#8221; transform_skew_phone=&#8221;&#8221; transform_skew_last_edited=&#8221;on|phone&#8221; transform_origin_tablet=&#8221;&#8221; transform_origin_phone=&#8221;&#8221; transform_origin_last_edited=&#8221;on|phone&#8221; transform_styles_last_edited=&#8221;on|phone&#8221; custom_margin=&#8221;-258px|-515px|-182px||false|false&#8221; custom_margin_tablet=&#8221;-258px|-515px|-182px||false|false&#8221; custom_margin_phone=&#8221;-299px|-158px|-214px||false|false&#8221; custom_margin_last_edited=&#8221;on|phone&#8221; transform_styles_tablet=&#8221;&#8221; transform_styles_phone=&#8221;&#8221; global_colors_info=&#8221;{}&#8221;][\/et_pb_image][\/et_pb_column][\/et_pb_row][\/et_pb_section][et_pb_section fb_built=&#8221;1&#8243; prev_background_color=&#8221;#ffffff&#8221; admin_label=&#8221;Blog&#8221; _builder_version=&#8221;4.19.4&#8243; _module_preset=&#8221;default&#8221; background_color=&#8221;#c6e6e1&#8243; custom_margin=&#8221;-218px||||false|false&#8221; custom_margin_tablet=&#8221;-218px||||false|false&#8221; custom_margin_phone=&#8221;-218px||||false|false&#8221; custom_margin_last_edited=&#8221;on|phone&#8221; custom_padding=&#8221;10vw||||false|false&#8221; top_divider_style=&#8221;slant&#8221; top_divider_height=&#8221;10vw&#8221; global_colors_info=&#8221;{%22gcid-0ce8a763-63f9-4b73-a0c5-972528f981a1%22:%91%93}&#8221;][et_pb_row _builder_version=&#8221;4.19.4&#8243; _module_preset=&#8221;default&#8221; global_colors_info=&#8221;{}&#8221;][et_pb_column type=&#8221;4_4&#8243; _builder_version=&#8221;4.19.4&#8243; _module_preset=&#8221;default&#8221; global_colors_info=&#8221;{}&#8221;][et_pb_text _builder_version=&#8221;4.19.4&#8243; _module_preset=&#8221;default&#8221; text_font=&#8221;Roboto Mono||||||||&#8221; text_font_size=&#8221;15px&#8221; custom_margin=&#8221;-17px||-92px||false|false&#8221; custom_padding=&#8221;0px|0px|0px|0px|false|false&#8221; global_colors_info=&#8221;{}&#8221;]<\/p>\n<p style=\"text-align: center;\">Dizajn: OWLsynthesis<\/p>\n<p>[\/et_pb_text][\/et_pb_column][\/et_pb_row][\/et_pb_section]<\/p>\n","protected":false},"excerpt":{"rendered":"<p>Izra\u0111ujemo sve vrste\u0161tampanih materijala &#8211; \u010dasopise, plakate, bro\u0161ure, kataloge, vizit karte i ostalo.Ako \u017eelite da budete prime\u0107eni, onda je veb sajt pravo mesto za tako ne\u0161to. Kontaktirajte nas, a mi \u0107emo u\u010diniti sve da budete zadovoljni.Sve vrste Facebook i Instagram kampanja, koje \u0107e popularno \u2018boostovanje\u2019 staviti u slu\u017ebu ja\u010danja va\u0161eg brenda, pla\u0107ene \u2018Google Ads\u2019 kampanje [&hellip;]<\/p>\n","protected":false},"author":1,"featured_media":0,"parent":0,"menu_order":0,"comment_status":"closed","ping_status":"closed","template":"","meta":{"_et_pb_use_builder":"on","_et_pb_old_content":"","_et_gb_content_width":"","footnotes":""},"class_list":["post-438","page","type-page","status-publish","hentry"],"yoast_head":"<!-- This site is optimized with the Yoast SEO plugin v21.7 - https:\/\/yoast.com\/wordpress\/plugins\/seo\/ -->\n<title>Usluge - OWL synthesis<\/title>\n<meta name=\"robots\" content=\"index, follow, max-snippet:-1, max-image-preview:large, max-video-preview:-1\" \/>\n<link rel=\"canonical\" href=\"https:\/\/owlsynthesis.com\/index.php\/usluge\/\" \/>\n<meta property=\"og:locale\" content=\"en_US\" \/>\n<meta property=\"og:type\" content=\"article\" \/>\n<meta property=\"og:title\" content=\"Usluge - OWL synthesis\" \/>\n<meta property=\"og:description\" content=\"Izra\u0111ujemo sve vrste\u0161tampanih materijala - \u010dasopise, plakate, bro\u0161ure, kataloge, vizit karte i ostalo.Ako \u017eelite da budete prime\u0107eni, onda je veb sajt pravo mesto za tako ne\u0161to. Kontaktirajte nas, a mi \u0107emo u\u010diniti sve da budete zadovoljni.Sve vrste Facebook i Instagram kampanja, koje \u0107e popularno \u2018boostovanje\u2019 staviti u slu\u017ebu ja\u010danja va\u0161eg brenda, pla\u0107ene \u2018Google Ads\u2019 kampanje [&hellip;]\" \/>\n<meta property=\"og:url\" content=\"https:\/\/owlsynthesis.com\/index.php\/usluge\/\" \/>\n<meta property=\"og:site_name\" content=\"OWL synthesis\" \/>\n<meta property=\"article:modified_time\" content=\"2023-01-29T05:31:31+00:00\" \/>\n<meta name=\"twitter:card\" content=\"summary_large_image\" \/>\n<meta name=\"twitter:label1\" content=\"Est. reading time\" \/>\n\t<meta name=\"twitter:data1\" content=\"9 minutes\" \/>\n<script type=\"application\/ld+json\" class=\"yoast-schema-graph\">{\"@context\":\"https:\/\/schema.org\",\"@graph\":[{\"@type\":\"WebPage\",\"@id\":\"https:\/\/owlsynthesis.com\/index.php\/usluge\/\",\"url\":\"https:\/\/owlsynthesis.com\/index.php\/usluge\/\",\"name\":\"Usluge - OWL synthesis\",\"isPartOf\":{\"@id\":\"https:\/\/owlsynthesis.com\/#website\"},\"datePublished\":\"2023-01-12T22:52:56+00:00\",\"dateModified\":\"2023-01-29T05:31:31+00:00\",\"breadcrumb\":{\"@id\":\"https:\/\/owlsynthesis.com\/index.php\/usluge\/#breadcrumb\"},\"inLanguage\":\"en-US\",\"potentialAction\":[{\"@type\":\"ReadAction\",\"target\":[\"https:\/\/owlsynthesis.com\/index.php\/usluge\/\"]}]},{\"@type\":\"BreadcrumbList\",\"@id\":\"https:\/\/owlsynthesis.com\/index.php\/usluge\/#breadcrumb\",\"itemListElement\":[{\"@type\":\"ListItem\",\"position\":1,\"name\":\"Home\",\"item\":\"https:\/\/owlsynthesis.com\/\"},{\"@type\":\"ListItem\",\"position\":2,\"name\":\"Usluge\"}]},{\"@type\":\"WebSite\",\"@id\":\"https:\/\/owlsynthesis.com\/#website\",\"url\":\"https:\/\/owlsynthesis.com\/\",\"name\":\"OWL synthesis\",\"description\":\"kreativnost na delu\",\"potentialAction\":[{\"@type\":\"SearchAction\",\"target\":{\"@type\":\"EntryPoint\",\"urlTemplate\":\"https:\/\/owlsynthesis.com\/?s={search_term_string}\"},\"query-input\":\"required name=search_term_string\"}],\"inLanguage\":\"en-US\"}]}<\/script>\n<!-- \/ Yoast SEO plugin. -->","yoast_head_json":{"title":"Usluge - OWL synthesis","robots":{"index":"index","follow":"follow","max-snippet":"max-snippet:-1","max-image-preview":"max-image-preview:large","max-video-preview":"max-video-preview:-1"},"canonical":"https:\/\/owlsynthesis.com\/index.php\/usluge\/","og_locale":"en_US","og_type":"article","og_title":"Usluge - OWL synthesis","og_description":"Izra\u0111ujemo sve vrste\u0161tampanih materijala - \u010dasopise, plakate, bro\u0161ure, kataloge, vizit karte i ostalo.Ako \u017eelite da budete prime\u0107eni, onda je veb sajt pravo mesto za tako ne\u0161to. Kontaktirajte nas, a mi \u0107emo u\u010diniti sve da budete zadovoljni.Sve vrste Facebook i Instagram kampanja, koje \u0107e popularno \u2018boostovanje\u2019 staviti u slu\u017ebu ja\u010danja va\u0161eg brenda, pla\u0107ene \u2018Google Ads\u2019 kampanje [&hellip;]","og_url":"https:\/\/owlsynthesis.com\/index.php\/usluge\/","og_site_name":"OWL synthesis","article_modified_time":"2023-01-29T05:31:31+00:00","twitter_card":"summary_large_image","twitter_misc":{"Est. reading time":"9 minutes"},"schema":{"@context":"https:\/\/schema.org","@graph":[{"@type":"WebPage","@id":"https:\/\/owlsynthesis.com\/index.php\/usluge\/","url":"https:\/\/owlsynthesis.com\/index.php\/usluge\/","name":"Usluge - OWL synthesis","isPartOf":{"@id":"https:\/\/owlsynthesis.com\/#website"},"datePublished":"2023-01-12T22:52:56+00:00","dateModified":"2023-01-29T05:31:31+00:00","breadcrumb":{"@id":"https:\/\/owlsynthesis.com\/index.php\/usluge\/#breadcrumb"},"inLanguage":"en-US","potentialAction":[{"@type":"ReadAction","target":["https:\/\/owlsynthesis.com\/index.php\/usluge\/"]}]},{"@type":"BreadcrumbList","@id":"https:\/\/owlsynthesis.com\/index.php\/usluge\/#breadcrumb","itemListElement":[{"@type":"ListItem","position":1,"name":"Home","item":"https:\/\/owlsynthesis.com\/"},{"@type":"ListItem","position":2,"name":"Usluge"}]},{"@type":"WebSite","@id":"https:\/\/owlsynthesis.com\/#website","url":"https:\/\/owlsynthesis.com\/","name":"OWL synthesis","description":"kreativnost na delu","potentialAction":[{"@type":"SearchAction","target":{"@type":"EntryPoint","urlTemplate":"https:\/\/owlsynthesis.com\/?s={search_term_string}"},"query-input":"required name=search_term_string"}],"inLanguage":"en-US"}]}},"_links":{"self":[{"href":"https:\/\/owlsynthesis.com\/index.php\/wp-json\/wp\/v2\/pages\/438","targetHints":{"allow":["GET"]}}],"collection":[{"href":"https:\/\/owlsynthesis.com\/index.php\/wp-json\/wp\/v2\/pages"}],"about":[{"href":"https:\/\/owlsynthesis.com\/index.php\/wp-json\/wp\/v2\/types\/page"}],"author":[{"embeddable":true,"href":"https:\/\/owlsynthesis.com\/index.php\/wp-json\/wp\/v2\/users\/1"}],"replies":[{"embeddable":true,"href":"https:\/\/owlsynthesis.com\/index.php\/wp-json\/wp\/v2\/comments?post=438"}],"version-history":[{"count":27,"href":"https:\/\/owlsynthesis.com\/index.php\/wp-json\/wp\/v2\/pages\/438\/revisions"}],"predecessor-version":[{"id":528,"href":"https:\/\/owlsynthesis.com\/index.php\/wp-json\/wp\/v2\/pages\/438\/revisions\/528"}],"wp:attachment":[{"href":"https:\/\/owlsynthesis.com\/index.php\/wp-json\/wp\/v2\/media?parent=438"}],"curies":[{"name":"wp","href":"https:\/\/api.w.org\/{rel}","templated":true}]}}